 - (-4 + -2)
2
What is the value of (-6 - 5) + 2 - -6?
-3
Calculate 7 + (-1 - -2 - (4 - -1)).
3
What is -9 - (7 - (11 + 6))?
1
What is 3 - ((-1 - -4) + -3) - -1?
4
Evaluate 7 + (-7 - (-5 - -2)).
3
Evaluate 6 + 2 - (-43 - -61).
-10
1 + -1 - (-5 - -1 - -8)
-4
What is the value of 0 - (11 + -14) - -4?
7
Calculate (1 + 3 - -1) + 0.
5
What is 4 - (-7 + -2 + 5 - -13)?
-5
What is (-7 - -11) + 0 + -4?
0
What is 7 - (10 - (4 + 7 + -6))?
2
What is -4 - (3 + -7 + (-8 - -4))?
4
What is the value of (5 - (-3 + 7)) + -2 + -3?
-4
-10 - -6 - (5 + 0 - 15)
6
What is (-12 - -15) + (1 - 5)?
-1
What is the value of 0 - (-2 + (2 - 0)) - 2?
-2
What is -4 - -1 - (9 - (1 - -6))?
-5
What is the value of 9 + -3 + -3 + -2?
1
What is the value of 8 + (1 - (4 - 0))?
5
Evaluate -30 + 30 - ((2 - 0) + 0).
-2
What is -1 + -1 + (30 - 31)?
-3
Evaluate (4 - 2 - 2) + -4 + 5.
1
What is -4 + (-2 - (-4 + 0)) + -4?
-6
What is the value of -2 - ((1 - 3) + 1)?
-1
What is 1 + 2 + 1 - 4?
0
Evaluate 5 + -8 + 20 - 9.
8
18 + -29 - (-1 - (3 - -1))
-6
What is the value of 3 + -1 - (-23 - -26)?
-1
What is (1 - (1 + 1)) + -2 + -1?
-4
Evaluate 4 - 13 - -23 - 12.
2
-2 + 2 + -2 - -3
1
What is the value of (-4 - -7) + -2 - -1?
2
Calculate 2 - 1 - -7 - (19 - 20).
9
Evaluate -8 - (1 - 4) - 0.
-5
3 + (-4 + 2 - (5 - 2))
-2
What is the value of (203 - 209) + 0 + 7?
1
Evaluate -4 + 2 + (1 - -6).
5
6 + -9 + (2 - 1)
-2
Evaluate -14 + (9 - 13 - -13).
-5
5 - 1 - (-3 + 10)
-3
What is the value of -7 - (-17 + 4 - -4)?
2
Evaluate (15 + 5 - 6) + -17.
-3
What is the value of 369 - 364 - (8 + (0 - 2))?
-1
What is the value of 4 + -1 + -8 - -6 - -3?
4
Evaluate -3 + 8 + -9 + -3.
-7
Calculate 1 - (-2 - -5) - -6.
4
Calculate 4 + (-2 - (5 - 8) - 4).
1
Calculate 8 + -19 - -9 - 1.
-3
What is 2 + 1 + -9 + 4 + 0?
-2
What is -8 + 4 + 5 + -5?
-4
3 - (-3 - (-1 + -6) - 4)
3
Calculate -3 + 4 + -6 - -3.
-2
Evaluate -2 - 1 - ((3 - 1) + -6).
1
What is the value of -6 + -4 + 4 + 2?
-4
Calculate 2 + (1 - 8 - -11).
6
Evaluate -2 + 1 - (20 + 6 + -26).
-1
0 + (-4 - (-16 - -2)) + -7
3
Evaluate -4 + 0 + (9 - 8).
-3
What is the value of (5 - 1) + -4 - (-5 - -7)?
-2
What is the value of 18 + -13 - (-3 + 13)?
-5
Evaluate -18 + 5 + -5 + 9.
-9
What is -4 + (-6 - -6) + -1 + 11?
6
Calculate (-4 - (3 + -3)) + 2.
-2
What is the value of 4 + (-3 - -2) + 0?
3
Calculate -2 - 0 - (0 + -2) - -2.
2
What is -10 - (-11 + -2) - 1?
2
6 + -9 - 3 - -10
4
Evaluate -3 + -7 - -2 - -3.
-5
Calculate -1 - -4 - (1 + 0 - 1).
3
Calculate -3 - (0 + 8 - 6).
-5
What is -5 - -3 - 5 - -6?
-1
What is the value of -4 - -4 - 0 - 6?
-6
What is -3 + (21 - 11) - 1?
6
(-5 - 1) + (6 - (3 + 1))
-4
What is the value of 8 - 9 - -2 - -5?
6
What is 4 + (-3 - -2) + -1 + -2?
0
Evaluate (42 - 52) + (1 - -6).
-3
-4 - (-2 + -4 + 5)
-3
What is (1 - 5) + (0 - 6) + 9?
-1
Evaluate 4 + (1 - 2 - 2) + 0.
1
Evaluate -4 + -3 + -8 + 9 + 3.
-3
Calculate -13 + 14 + -7 + 14.
8
Evaluate -2 - (1 - (-2 - -2)).
-3
What is 3 + -5 + 7 + -1 - -4?
8
Evaluate 3 + -6 - -2 - 2.
-3
Evaluate 3 + -12 + 9 - 5.
-5
Calculate (-12 - 3) + 25 + -7 + 1.
4
Evaluate -1 - (-2 + (1 - -5)).
-5
1 - (3 + 5) - (-4 - 2)
-1
What is the value of -2 - 2 - -2 - 0 - -5?
3
What is the value of (1 - 3 - 5) + 2?
-5
Evaluate (-7 - 1) + (9 - (-3 - -8)).
-4
Evaluate 2 + 6 + -4 - 4.
0
What is -1 + 2 + 3 + 1?
5
Evaluate (12 - 15) + 8 + -11.
-6
Evaluate -1 - (-6 + (7 - 6) + 8).
-4
Calculate (2 - (0 + 3)) + (1 - 1).
-1
What is -10 + 8 - (-3 - (0 + 0))?
1
What is the value of 2 + (-4 - 0) - (-7 - -11)?
-6
What is -1 - 5 - (-45 - -43)?
-4
Calculate 2 - (-3 + (-4 - -8)).
1
What is -2 - ((1 - 1 - 6) + 1)?
3
What is the value of (4 - 11) + (-1 - -3)?
-5
What is the value of 1 + (-1 - -1) - -4?
5
Calculate -2 + 2 + 7 + -3 - -6.
10
What is the value of 16 + -9 + (-3 - -2)?
6
Calculate -1 - (-6 - -15 - (8 - 2)).
-4
What is the value of (10 - (12 - 8)) + (1 - 0)?
7
-8 - -7 - -10 - (-1 + 7)
3
Evaluate -13 + (1 - -17) - (1 + -1).
5
What is (17 - (8 + -6)) + -9?
6
Calculate -2 + (2 - 1) + 5.
4
Calculate -1 - (8 - 20 - -8).
3
(-6 - (-5 + -3)) + 2
4
What is (1 + -8 - -8) + (2 - -2)?
5
What is the value of 2 + 1 + -8 + -1 + 1?
-5
(-3 - (-7 - -4)) + -2
-2
Calculate (1 - 1) + -8 + 9 - 2.
-1
Calculate 12 + 4 + 3 + -7 + -7.
5
Evaluate 9 + -9 + 5 + 0.
5
Evaluate -5 - (1 - 23) - 12.
5
Evaluate 7 - (4 + -4 + 4).
3
What is the value of -2 - (-10 + 7) - 0?
1
What is the value of 30 + 7 + -19 + -10?
8
-6 + 3 + 1 - (1 + -3)
0
Evaluate 5 - (6 + -4 - -5 - -1).
-3
-5 + -1 + -5 + 7
-4
What is -5 + 1 + 3 + -1?
-2
1 + -1 + 13 + -11
2
Evaluate 1 + 3 + -4 + -4.
-4
What is 6 - (5 + -6 + 3 + 3)?
1
What is (4 - (7 - 4)) + 4?
5
What is 0 - -1 - (-4 + 6) - 4?
-5
What is the value of -1 + -1 + (-4 - (-3 - -2))?
-5
1 + (0 + -1 + 5 - 12)
-7
What is (-2 + -4 - 3) + 9?
0
What is the value of (2 - (-1 - (-6 - -2))) + 5?
4
-31 + 11 + 14 + -1 + 0
-7
6 + -1 - (-17 - -26)
-4
What is the value of (4 - 10) + (-3 - -8)?
-1
15 - 5 - ((-5 - -3) + 2)
10
(2 - -1) + -3 + 4 + -1
3
What is the value of 6 + -7 + (2 - 3)?
-2
What is the value of 3 - 4 - (2 - -1)?
-4
6 + -12 - (-6 - 0)
0
Calculate 2 + (2 - 0) + (-30 - -27).
1
Calculate 7 + (11 - 1) + -9.
8
What is 3 - (2 + -5 - -3)?
3
What is the value of 4 - (6 - 4) - (0 + -2)?
4
What is the value of (-10 - -6) + 6 - 1?
1
4 - 2 - (3 + -3 - 6)
8
Evaluate 2 - (-8 + (4 - 3) - -15).
-6
What is the value of -2 - (3 - -1 - 3)?
-3
What is 3 + 0 + (-6 - -2)?
-1
Calculate -1 - 3 - (6 + -7 - 7).
4
What is the value of -6 - -3 - (-6 - -5 - -1)?
-3
Calculate -8 + 1 + (60 - 50).
3
3 + (-18 - -5) + 7 - -3
0
What is the value of -5 - (-12 + 3) - 2?
2
-2 + -1 - 0 - 1
-4
24 - 11 - -4 - 11
6
Calculate -1 + 3 + 2 - (1 - 0).
3
What is the value of -8 - -11 - (1 - -2)?
0
What is the value of -5 - (0 + 1 - (13 + -9))?
-2
Evaluate (-57 - -55) + 3 + 1 + -1.
1
What is 5 - 3 - -10 - 8?
4
Evaluate 10 - (7 + -5 + 1).
7
What is the value of 4 - -1 - (-84 + 96)?
-7
(4 - 0) + -8 + 9
5
What is -9 + 11 + (-1 - 0)?
1
Calculate 3 - (-12 + 12 - -11).
-8
Calculate -5 - ((-5 - -10) + -4).
-6
Calculate 0 + -5 + 5 + 3 + 2.
5
What is -8 + 7 - (3 + -8 - -6)?
-2
Evaluate -9 + 11 + 4 + (-1 - 1).
4
Evaluate 0 - (9 + (3 - 7 - 0)).
-5
Calculate 6 + -10 + 6 + -4.
-2
Calculate 32 + -37 + -1 + 1.
-5
What is the value of 5 + 0 - (-8 - (8 + -16))?
5
Calculate -114 + 113 - (0 - -1).
-2
Evaluate -7 - (-3 + 11 + -3 + -12).
0
What is 3 + 0 - (7 + -15 + 5)?
6
Calculate (37 + -42 - (-7 - -1)) + 2.
3
What is the value of (-5 - (5 + -6)) + 8?
4
Calculate -3 + (0 - -1) + 1.
-1
Evaluate 11 - 0 - (47 - 42).
6
Evaluate 1 + -6 - (-1 + -2) - -6.
4
Evaluate -5 - (-3 + -5 + 9).
-6
What is 4 + 2 + (-4 + -3 - -2)?
1
5 - (-4 - -12 - 10)
7
-1 + 1 + -5 - -3
-2
What is the value of 2 - ((2 - 0) + -5)?
5
Evaluate 5 - (-4 + 13) - (-2 - 1).
-1
What is the value of 2 + (2 - (6 - 3)) - 0?
1
What is the value of -7 + (-1 - (-5 - -1))?
-4
Calculate 14 - (-5 + 1 - -11).
7
5 - (-7 - (-17 - (-6 - -1)))
0
Evaluate -14 - -1 - (-3 - 5).
-5
What is 3 - (0 - (-4 + 1))?
0
Evaluate 12 - 12 - (-7 + 2).
5
Calculate -7 + 11 + 2 + -5.
1
Evaluate (0 + -2 - 1) + 0.
-3
What is -3 - 0 - (-29 + 24)?
2
Calculate 8 + -6 - (0 + -3 + 0).
5
1 + -4 + (1 + 4 - 0)
2
3 + -1 + 15 + -20 - -2
-1
What is the value of -7 + 6 + (-1 - -8)?
6
6 - 6 - (1 + -5 - 2)
6
What is the value of 1 - (6 - (2 + 4)) - 1?
0
(7 - 6 - -2) + -6
-3
Calculate (5 - 1) + 1 + -14 + 1.
-8
16 + -4 + -1 + -8 + -9
-6
Calculate 2 - (5 - (5 - 5)).
-3
-6 - (-8 + (5 - 4))
1
-7 + 1 + -2 - (-3 + -1)
-4
0 + 5 + (12 - 17) - 3
-3
14 + -20 + (0 - -1) + 2
-3
What is the value of 13 - (6 - 1) - 12?
-4
Evaluate 0 - (-3 + (1 - -2)).
0
What is -1 + -7 - (-18 - -10)?
0
1 + (1 - (-1 + -2 + 3))
2
What is 108 + -103 - (0 + 0 + 5)?
0
What is the value of 0 + (-3 - 0) - (-4 - -2)?
-1
Calculate -1 + 2 + 0 + 3 + -7.
-3
Calculate 1 - -2 - (-5 + 10).
-2
What is the value of 3 - (5 + 4 + 1)?
-7
Evaluate 0 + (-4 + -3 - (-2 + -6)).
1
What is the value of -23 - -16 - (3 + -11)?
1
What is the value of 11 + -5 + -2 - 8 - 2?
-6
What is 12 + -9 + 2 - -2?
7
What is 0 - (14 + -18 - (-1 - 3))?
0
Evaluate (3 - -1) + (-2 - (2 + 0)).
0
Calculate (9 - 0) + (85 - 91).
3
(-7 - -21 - 18) + (7 - 2)
1
What is the value of (13 - (3 + 15)) + 1 + -4?
-8
Calculate (-4 - (2 + -6)) + -2.
-2
1 + (6 - (4 + -1 + 1))
3
Evaluate (0 - (0 + -9 + 4))